{"id":287,"date":"2022-01-08T14:26:59","date_gmt":"2022-01-08T14:26:59","guid":{"rendered":"https:\/\/lakidar.hu\/wordpress\/?page_id=287"},"modified":"2022-05-31T06:57:22","modified_gmt":"2022-05-31T06:57:22","slug":"letoltesek","status":"publish","type":"page","link":"https:\/\/lakidar.hu\/wordpress\/index.php\/letoltesek\/","title":{"rendered":"Let\u00f6lt\u00e9sek"},"content":{"rendered":"\n<hr class=\"wp-block-separator has-css-opacity\"\/>\n\n\n\n<h2 class=\"wp-block-heading\">Tan\u00fas\u00edtv\u00e1nyaink let\u00f6lt\u00e9se<\/h2>\n\n\n\n<p>Az ISO 9001:2015 \u00e9s a 14001:2015 szabv\u00e1ny k\u00f6vetelm\u00e9nyeinek megfelel\u0151 munkav\u00e9gz\u00e9st az auditja tan\u00fas\u00edtja.<br>Ezen min\u0151s\u00edt\u00e9sek 2021.09.15-ig \u00e9rv\u00e9nyesek.<\/p>\n\n\n\n<p>Bevezett\u00fck \u00e9s m\u0171k\u00f6dtetj\u00fck az ISO 9001 min\u0151s\u00e9gbiztos\u00edt\u00e1si \u00e9s a 14001 k\u00f6rnyezetbiztos\u00edt\u00e1si rendszert.<\/p>\n\n\n\n<p>A tan\u00fas\u00edtv\u00e1nyt megtekintheti, kinyomtathatja.<\/p>\n\n\n\n<p><a href=\"http:\/\/www.lakidar.hu\/Links\/ISO-tanusitas-20210915-ISO.pdf\">ISO min\u0151s\u00edt\u00e9s 2019-2021<\/a><\/p>\n\n\n\n<p><a href=\"http:\/\/www.lakidar.hu\/Links\/ISO-tanusitas-20210915-ISO.pdf\">ISO certificate 2019-2021<\/a><\/p>\n\n\n\n<p class=\"has-text-align-left\">Bevezett\u00fck az egys\u00e9ges EUR\u00d3PAI CEPA \/ CEN (MSZ EN) 16636\/2015 K\u00e1rtev\u0151 &#8211; mentes\u00edt\u00e9si szolg\u00e1ltat\u00e1sok szabv\u00e1nyt.<br><a href=\"http:\/\/www.lakidar.hu\/Links\/cepa-msz-en-16636-tanusitvany.pdf\">Dokumentum let\u00f6lt\u00e9se<\/a><\/p>\n\n\n\n<p><\/p>\n\n\n\n<h2 class=\"wp-block-heading\">Tev\u00e9kenys\u00e9gi enged\u00e9ly let\u00f6lt\u00e9se<\/h2>\n\n\n\n<p>C\u00e9g\u00fcnk rendelkezik a sz\u00fcks\u00e9ges tev\u00e9kenys\u00e9gi \u00e9s szakhat\u00f3s\u00e1gi enged\u00e9lyekkel.<br>Az al\u00e1bbi hivatkoz\u00e1sra kattintva let\u00f6ltheti \u00e9s kinyomtathatja azokat.<\/p>\n\n\n\n<p><a href=\"http:\/\/www.lakidar.hu\/Links\/vitez_mukodesi_nyilvantartasi_igazolvany.pdf\">M\u0171k\u00f6d\u00e9si nyilv\u00e1ntart\u00e1si igazolv\u00e1ny1<\/a><\/p>\n\n\n\n<p><a href=\"http:\/\/www.lakidar.hu\/Links\/ifj-vitez_mukodesi_nyilvantartasi_igazolvany.pdf\">M\u0171k\u00f6d\u00e9si nyilv\u00e1ntart\u00e1si igazolv\u00e1ny2<\/a><\/p>\n\n\n\n<p><a href=\"http:\/\/www.lakidar.hu\/Links\/molnar_mukodesi_nyilvantartasi_igazolvany.pdf\">M\u0171k\u00f6d\u00e9si nyilv\u00e1ntart\u00e1si igazolv\u00e1ny3<\/a><\/p>\n\n\n\n<p><a href=\"http:\/\/www.lakidar.hu\/Links\/tevekenysegi_engedely.pdf\">Az \u00c1llami N\u00e9peg\u00e9szs\u00e9g\u00fcgyi \u00e9s Tisztiorvosi Szolg\u00e1lat \u00e1ltal kibocs\u00e1tott tev\u00e9kenys\u00e9gi enged\u00e9ly<\/a><\/p>\n","protected":false},"excerpt":{"rendered":"<p>Tan\u00fas\u00edtv\u00e1nyaink let\u00f6lt\u00e9se Az ISO 9001:2015 \u00e9s a 14001:2015 szabv\u00e1ny k\u00f6vetelm\u00e9nyeinek megfelel\u0151 munkav\u00e9gz\u00e9st az auditja tan\u00fas\u00edtja.Ezen min\u0151s\u00edt\u00e9sek 2021.09.15-ig \u00e9rv\u00e9nyesek. Bevezett\u00fck \u00e9s m\u0171k\u00f6dtetj\u00fck az ISO 9001 min\u0151s\u00e9gbiztos\u00edt\u00e1si \u00e9s a 14001 k\u00f6rnyezetbiztos\u00edt\u00e1si rendszert. A tan\u00fas\u00edtv\u00e1nyt megtekintheti, kinyomtathatja. ISO min\u0151s\u00edt\u00e9s 2019-2021 ISO certificate 2019-2021 Bevezett\u00fck az egys\u00e9ges EUR\u00d3PAI CEPA \/ CEN (MSZ EN) 16636\/2015 K\u00e1rtev\u0151 &#8211; mentes\u00edt\u00e9si szolg\u00e1ltat\u00e1sok szabv\u00e1nyt.Dokumentum<\/p>\n<p><a href=\"https:\/\/lakidar.hu\/wordpress\/index.php\/letoltesek\/\" class=\"more-link themebutton\">Read More<\/a><\/p>\n","protected":false},"author":1,"featured_media":0,"parent":0,"menu_order":0,"comment_status":"closed","ping_status":"closed","template":"","meta":{"footnotes":""},"class_list":["post-287","page","type-page","status-publish","hentry"],"_links":{"self":[{"href":"https:\/\/lakidar.hu\/wordpress\/index.php\/wp-json\/wp\/v2\/pages\/287","targetHints":{"allow":["GET"]}}],"collection":[{"href":"https:\/\/lakidar.hu\/wordpress\/index.php\/wp-json\/wp\/v2\/pages"}],"about":[{"href":"https:\/\/lakidar.hu\/wordpress\/index.php\/wp-json\/wp\/v2\/types\/page"}],"author":[{"embeddable":true,"href":"https:\/\/lakidar.hu\/wordpress\/index.php\/wp-json\/wp\/v2\/users\/1"}],"replies":[{"embeddable":true,"href":"https:\/\/lakidar.hu\/wordpress\/index.php\/wp-json\/wp\/v2\/comments?post=287"}],"version-history":[{"count":7,"href":"https:\/\/lakidar.hu\/wordpress\/index.php\/wp-json\/wp\/v2\/pages\/287\/revisions"}],"predecessor-version":[{"id":343,"href":"https:\/\/lakidar.hu\/wordpress\/index.php\/wp-json\/wp\/v2\/pages\/287\/revisions\/343"}],"wp:attachment":[{"href":"https:\/\/lakidar.hu\/wordpress\/index.php\/wp-json\/wp\/v2\/media?parent=287"}],"curies":[{"name":"wp","href":"https:\/\/api.w.org\/{rel}","templated":true}]}}